l + 6 = -4*h. Suppose -118 = -6*v + 2*v - 3*y, h = 5*v + 2*y - 144. What are the prime factors of v?
2, 7
Suppose 1 - 7 = 2*n, -4*a = -3*n - 9. Suppose 3*k + 2*i = 834, a*k - 5*k + 1390 = -5*i. What are the prime factors of k?
2, 139
Let u(z) = -z**3 - 7*z**2 - 6*z + 2. Let c be -2 - 0 - (3 + 1). Let m be u(c). Suppose -b = m*b - 126. What are the prime factors of b?
2, 3, 7
Suppose -2*g = -8*t + 13*t - 1167, -3*t - 578 = -g. List the prime factors of g.
7, 83
Let c(s) = -s**2 + 7*s + 18. Suppose -7*x = -12*x + 45. Let m be c(x). Suppose 4*d = y + 75 + 94, m = -2*d + 4*y + 88. List the prime factors of d.
2, 3, 7
Suppose -2*c = 5 - 19. Let k(d) = -d + 11. Let y be k(c). Suppose 217 = y*p + 3*p. List the prime factors of p.
31
Suppose -6*v = -18 - 30. Suppose -v = 2*k, h - 3*k - 9 = 6. What are the prime factors of h?
3
Suppose -5*n + 3*n - 2410 = -4*z, z - 575 = -5*n. Suppose 0 = b + r + 3 - 0, -b - 2*r = 5. What are the prime factors of z/10 - b*3?
3, 7
Suppose -39 = -8*q + 9. Suppose -q = -2*c, i + c + 4*c + 43 = 0. Let y = 100 + i. What are the prime factors of y?
2, 3, 7
List the prime factors of 216/16*-2*-29.
3, 29
Suppose 3*l + 51 = 3*i, 0 = -4*l - i - 3*i - 36. Let v be ((-18)/4)/(1/(-6)). Let z = l + v. List the prime factors of z.
2, 7
Suppose -3*f = -4*k - 5*f + 992, 20 = 5*f. Suppose 0 = -0*c - 3*c + k. List the prime factors of c.
2, 41
Let x(w) = 138*w**2 - 30*w + 12. What are the prime factors of x(-4)?
2, 3, 5, 13
Suppose -15*s - 15*s = -115200. List the prime factors of s.
2, 3, 5
Suppose -2*b = 6*b - 80. Suppose b*k = 12*k - 224. What are the prime factors of k?
2, 7
Let p(v) = 8*v + 557. What are the prime factors of p(-19)?
3, 5
Let o = -482 + 728. List the prime factors of o.
2, 3, 41
Suppose 5*m = 3*k + 402, -2*m + 4*k + 97 = -75. What are the prime factors of m?
2, 3, 13
Let q be 5/4 - 3/(-48)*-4. Let b(j) = -2 + 9*j + 2. List the prime factors of b(q).
3
Let r = 471 - 329. What are the prime factors of r?
2, 71
Suppose 4*s = -i + 196, -98 = -2*s - 0*i - i. List the prime factors of s.
7
Let l be (-32)/(-10)*(-1 + 6). Let y = l - 14. Suppose 157 = y*d + j, 5*j + 95 = -0*d + d. What are the prime factors of d?
2, 5
Let d = 5 + 59. Suppose -4 + 0 = 2*s, -4*s - d = -q. List the prime factors of q.
2, 7
Let w(x) = -x**3 - 6*x**2 - 8*x - 3. Suppose -2*n = -3 + 19. Let a be n/24 + 14/(-3). What are the prime factors of w(a)?
2, 3
Let j(z) = z**3 + 12*z**2 + 3*z - 22. List the prime factors of j(-10).
2, 37
Suppose 0*a + 567 = 2*a + 5*z, 4*z + 4 = 0. What are the prime factors of a?
2, 11, 13
Suppose -2253 + 733 = -5*x. Suppose -56*y + 52*y = -x. List the prime factors of y.
2, 19
Let x = 3280 + -1234. What are the prime factors of x?
2, 3, 11, 31
Let q = 18 - 8. Let t(g) = -g**2 + 8*g + 2. Let d be t(7). Suppose d*i - q*i + 11 = 0. List the prime factors of i.
11
Let o(z) = -5*z**3 - 3*z**2 - 4*z + 6. Suppose -17 = -a - 4*d, 0*d = 5*a + d + 10. What are the prime factors of o(a)?
2, 3, 7
What are the prime factors of (-558)/(-5) + 0 + (-99)/165?
3, 37
Suppose -5 = 3*m + 4. Let y be ((-25)/m)/((-1)/(-6)). List the prime factors of (-2)/6 + y/6.
2
Suppose -44*l + 36*l + 6160 = 0. What are the prime factors of l?
2, 5, 7, 11
What are the prime factors of ((-5 - -1)/(-2))/(36/7146)?
397
Suppose 0 = 26*k - 11*k - 4590. What are the prime factors of k?
2, 3, 17
Let b(w) = -18*w**3 - w + 15. List the prime factors of b(-5).
2, 5, 227
Let i be (-103)/(-7) + 10/35. What are the prime factors of 261/i - (-16)/(-40)?
17
Suppose 797 = i + 5*j, -2*i + 5*j = -2326 + 792. List the prime factors of i.
3, 7, 37
Let p = 7 + -5. Suppose 5*s = p*s + 6. Suppose -3*c - 4*f = -39, -c + s*c = 2*f + 23. What are the prime factors of c?
17
Let x(o) = 15*o**2 - 45*o + 11. What are the prime factors of x(-5)?
13, 47
Suppose -16*n + 4751 = 1359. What are the prime factors of n?
2, 53
Suppose 4*k - 150 = -a, -5*a - 300 = -7*a + 4*k. List the prime factors of a.
2, 3, 5
Suppose -2*z + 0*z + 848 = -4*g, 0 = 5*z - 4*g - 2120. List the prime factors of z.
2, 53
Let k be ((-11)/((-165)/(-54)))/((-1)/(-5)). What are the prime factors of k/45 - (-207)/5?
41
Let u be 2 - (0 - (-3 + 4)). Suppose 3*f - 181 - 25 = -a, -u*a - 2*f + 632 = 0. What are the prime factors of a?
2, 53
Let u(k) = 3*k**2 - 6*k - 10. Let t(x) = -5*x**3 - 2*x**2 + 2. Let b be t(1). List the prime factors of u(b).
5, 19
Let y = -1147 + 2111. List the prime factors of y.
2, 241
Let w = 113 + -2. List the prime factors of -3*w/(-6)*2.
3, 37
Suppose -3*k = m + 2*m - 837, 1113 = 4*m + 3*k. Let b = m - 113. What are the prime factors of b?
163
Suppose -13*j = -10*j - 9. Let f(h) = 0*h**3 - h**3 + 3*h**3 - j + 5*h - 3*h**3 - 2*h**2. List the prime factors of f(-4).
3
Let q = 72 - 52. Let i = q + 12. List the prime factors of i.
2
Let m be (3 + 9/(-6))*50. Let f = m + -43. List the prime factors of f.
2
Suppose -21 = -7*w - 56. What are the prime factors of (-328)/w + (-16)/(-40)?
2, 3, 11
Let n = 7 - -1. Let b(v) = -2*v**2 - 5*v + 4. Let d(k) = -3*k**2 - 4*k + 2. Let f(y) = 4*b(y) - 3*d(y). What are the prime factors of f(n)?
2, 5
Suppose 4*r + 3*g = 2383, -2*r + 3*g - 1199 = -4*r. List the prime factors of r.
2, 37
Suppose -2*b = -36 + 4. Let g = b + 8. What are the prime factors of g?
2, 3
Suppose -24*j + 53831 - 5999 = 0. List the prime factors of j.
1993
Let n(d) be the third derivative of d**6/120 + d**5/10 + d**4/4 + 2*d**3/3 - 9*d**2. Let i be n(-4). Suppose c = -8 + i. List the prime factors of c.
2
What are the prime factors of (-5)/(7 + (-1779)/252)?
2, 3, 7
What are the prime factors of (-32940)/(-40) + (-1)/(-2)?
2, 103
Let u(r) = -r**3 - 7*r**2 + 10*r - 42. List the prime factors of u(-9).
2, 3, 5
Suppose -227 = -m + 775. What are the prime factors of m/42 - (-2)/14?
2, 3
Let u be (0 - 1)/(((-12)/(-66))/(-2)). List the prime factors of 115 + (-46)/u + (-28)/(-154).
3, 37
Let y be 28 + (1*-1 - -1). Suppose 17*b + 6*b = -529. Let c = y + b. List the prime factors of c.
5
Let g be (-1)/(3/30*1). What are the prime factors of g/3*(-39)/26?
5
Suppose 5*h = -4*q - 8, -5*q + h = 3*h + 10. Let t be (8 - 8)*q/(-2). Let f(n) = -n**3 + n**2 + 2*n + 10. List the prime factors of f(t).
2, 5
Let o(i) = -3*i**2 - 61*i - 20. Let d be o(-20). Suppose c = -5*p + 71 - 18, d = 2*p + 4. List the prime factors of c.
3, 7
Let k be 1 - (-1*3 - (90 - 0)). List the prime factors of 2 - 5 - k/(-1).
7, 13
List the prime factors of (6/(-9))/(20/(-124410)) - -1.
2, 17, 61
List the prime factors of (84/16)/((-17507)/8764 - -2).
7, 313
Let z be (1*(-147)/12)/(1/(-156)). What are the prime factors of z/15 + 7/(105/9)?
2
Suppose 27100 = 33*u - 8*u. List the prime factors of u.
2, 271
Let g be ((-1)/(-2))/((-16)/(-64)). Let p(a) = -11*a + 0*a**2 + a**2 + 3 - g. What are the prime factors of p(13)?
3
Let v = -2023 - -2722. List the prime factors of v.
3, 233
Let w(s) = -s**3 - 14*s**2 - 12*s + 13. Let m be w(-13). Suppose -584 = -8*n - m*n. What are the prime factors of n?
73
List the prime factors of 6 + 779 + 6/6.
2, 3, 131
Let q(c) be the third derivative of -c**5/60 - c**3/6 - c**2. Let i be q(-2). List the prime factors of 1/i - (-552)/60.
3
Let z(d) = -5*d**3 + 2*d**2 - 13*d - 86. What are the prime factors of z(-5)?
2, 3, 109
Suppose -2*t = 2, -4*p + t + 8283 + 4750 = 0. What are the prime factors of p?
2, 3, 181
Let b = 60 - 56. Suppose b*r + 214 = 5*k, -25 = -k - 3*r + 14. What are the prime factors of k?
2, 3, 7
Let b(i) = 3*i**2 - 2*i. Let s be b(1). Let u(v) = -3*v - 1. Let w be u(s). What are the prime factors of -46*((-25)/(-10) + w)?
3, 23
Suppose 0 = 4*z - 3*y - 8372, 4*z - 18*y - 8380 = -13*y. List the prime factors of z.
2, 5, 11, 19
Let r be ((-3)/(-4))/(8/1184). Let a = r + -88. What are the prime factors of a?
23
Let b be 6/4 - 162/(-36). Let h(r) = 11*r - 2. List the prime factors of h(b).
2
Let o be 2/(-4) + 22/4. Suppose j - 32 = -o. What are the prime factors of j?
3
Suppose 0*p + 2*p + 5*v = -146, 0 = -p + 4*v - 73. Let j = -33 - p. What are the prime factors of j?
2, 5
Let g(m) = 17*m**2 + 18*m + 6. Let s(h) = -9*h**2 - 9*h - 3. Let n(a) = 4*g(a) + 7*s(a). List the prime factors of n(-5).
83
Suppose 0*j - 10 = -5*j. Suppose 0 = 3*k + j*v - 387, k - 4*v + 5*v - 129 = 0. What are the prime fact